{"id":131,"date":"2020-08-20T09:09:08","date_gmt":"2020-08-20T09:09:08","guid":{"rendered":"https:\/\/tmanager.eu\/wordpress\/?page_id=131"},"modified":"2022-01-26T16:57:05","modified_gmt":"2022-01-26T16:57:05","slug":"nasza-mapy","status":"publish","type":"page","link":"https:\/\/tmanager.eu\/index.php\/nasza-mapy\/","title":{"rendered":"Nasze MAPY"},"content":{"rendered":"\t\t<div data-elementor-type=\"wp-page\" data-elementor-id=\"131\" class=\"elementor elementor-131\">\n\t\t\t\t\t\t<section class=\"elementor-section elementor-top-section elementor-element elementor-element-5b11498 elementor-section-boxed elementor-section-height-default elementor-section-height-default\" data-id=\"5b11498\" data-element_type=\"section\" data-e-type=\"section\">\n\t\t\t\t\t\t<div class=\"elementor-container elementor-column-gap-default\">\n\t\t\t\t\t<div class=\"elementor-column elementor-col-33 elementor-top-column elementor-element elementor-element-6ad26eb\" data-id=\"6ad26eb\" data-element_type=\"column\" data-e-type=\"column\">\n\t\t\t<div class=\"elementor-widget-wrap elementor-element-populated\">\n\t\t\t\t\t\t<div class=\"elementor-element elementor-element-aec9d7a elementor-widget elementor-widget-text-editor\" data-id=\"aec9d7a\" data-element_type=\"widget\" data-e-type=\"widget\" data-widget_type=\"text-editor.default\">\n\t\t\t\t<div class=\"elementor-widget-container\">\n\t\t\t\t\t\t\t\t\t<h2 class=\"section-title\">Zasoby kartograficzne<\/h2><ul class=\"font-style-20 bold pink-text pink-list\"><li>Opis map<br \/><p class=\"simple-text-14\">Posiadamy bogat\u0105 bibliotek\u0119 map ca\u0142ego \u015bwiata, kt\u00f3re mog\u0105 by\u0107 w prosty spos\u00f3b wykorzystywane w programie Territory Manager.<\/p><\/li><li>Programy<br \/><div class=\"details-wrap\"><p class=\"simple-text-14\"><strong>TM 5.0:\u00a0\u00a0\u00a0\u00a0\u00a0\u00a0\u00a0\u00a0\u00a0\u00a0\u00a0\u00a0\u00a0\u00a0\u00a0\u00a0\u00a0\u00a0<\/strong><a class=\"link-simple\" href=\"https:\/\/tmanager.eu\/index.php\/about\/\">opis programu<\/a><\/p><\/div><div class=\"addthis_toolbox addthis_default_style\">\u00a0<\/div><\/li><\/ul>\t\t\t\t\t\t\t\t<\/div>\n\t\t\t\t<\/div>\n\t\t\t\t\t<\/div>\n\t\t<\/div>\n\t\t\t\t<div class=\"elementor-column elementor-col-66 elementor-top-column elementor-element elementor-element-5198aed\" data-id=\"5198aed\" data-element_type=\"column\" data-e-type=\"column\">\n\t\t\t<div class=\"elementor-widget-wrap elementor-element-populated\">\n\t\t\t\t\t\t<div class=\"elementor-element elementor-element-cf1e8a4 elementor-widget elementor-widget-text-editor\" data-id=\"cf1e8a4\" data-element_type=\"widget\" data-e-type=\"widget\" data-widget_type=\"text-editor.default\">\n\t\t\t\t<div class=\"elementor-widget-container\">\n\t\t\t\t\t\t\t\t\t<p class=\"simple-text-14\">Program Territory Manager jest uniwersaln\u0105 aplikacj\u0105 wsp\u00f3\u0142pracuj\u0105c\u0105 z nieograniczon\u0105 ilo\u015bci\u0105 map. Je\u017celi opr\u00f3cz map, kt\u00f3re otrzymali\u015bcie Pa\u0144stwo wraz z zakupionym pakietem, potrzebujecie innych, przedstawiamy ofert\u0119 map, kt\u00f3re s\u0105 aktualnie dost\u0119pne. Je\u015bli planujecie Pa\u0144stwo wykonywanie analiz programem TM dla r\u00f3\u017cnych pa\u0144stw lub region\u00f3w \u015bwiata i macie jakikolwiek problemy, prosimy o <a href=\"https:\/\/tmanager.eu\/wordpress\/index.php\/contact\/\">kontakt<\/a>. Wszystkie mapy dost\u0119pne w naszej ofercie instaluj\u0105 si\u0119 w programie Territory Manager automatycznie i nie wymagaj\u0105 ponownego instalowania programu.<\/p>\n<div class=\"page-elements-title-wrap horizontal-blue-lines text-center\">\n<h3 class=\"page-elements-title page-title-position blue-text\">Dodatkowe Mapy do Programu TM 5.0<br><br><\/h3>\n<\/div>\t\t\t\t\t\t\t\t<\/div>\n\t\t\t\t<\/div>\n\t\t\t\t<div class=\"elementor-element elementor-element-40fe262 elementor-widget elementor-widget-shortcode\" data-id=\"40fe262\" data-element_type=\"widget\" data-e-type=\"widget\" data-widget_type=\"shortcode.default\">\n\t\t\t\t<div class=\"elementor-widget-container\">\n\t\t\t\t\t\t\t<div class=\"elementor-shortcode\">\n<table id=\"tablepress-1\" class=\"tablepress tablepress-id-1\">\n<thead>\n<tr class=\"row-1\">\n\t<th class=\"column-1\">Mapa<\/th><th class=\"column-2\">Dok\u0142adno\u015b\u0107<\/th><th class=\"column-3\">\t<br \/>\nKup teraz<\/th>\n<\/tr>\n<\/thead>\n<tbody class=\"row-striping\">\n<tr class=\"row-2\">\n\t<td class=\"column-1\">Pakiet Map Polski<\/td><td class=\"column-2\">podzia\u0142 Polski na: NTS5, NTS4, NTS3, NTS2<\/td><td class=\"column-3\"><a href=\"https:\/\/tmanager.eu\/index.php\/katalog-produktow\/\">960 z\u0142<\/a><\/td>\n<\/tr>\n<tr class=\"row-3\">\n\t<td class=\"column-1\">Pakiet Map Europy+<\/td><td class=\"column-2\">podzia\u0142 Europy na: pa\u0144stwa, NUTS3 i mapa \u015bwiata z podzia\u0142em na pa\u0144stwa.<\/td><td class=\"column-3\"><a href=\"https:\/\/tmanager.eu\/index.php\/katalog-produktow\/\">960 z\u0142<\/a><\/td>\n<\/tr>\n<tr class=\"row-4\">\n\t<td class=\"column-1\">Pakiet Map USA<\/td><td class=\"column-2\">podzia\u0142 US na: stany, prowincje, kody pocztowe.<\/td><td class=\"column-3\"><a href=\"https:\/\/tmanager.eu\/index.php\/katalog-produktow\/\">980 z\u0142<\/a><\/td>\n<\/tr>\n<tr class=\"row-5\">\n\t<td class=\"column-1\">Mapa \u015awiata<\/td><td class=\"column-2\">podzia\u0142 \u015bwiata na pa\u0144stwa<\/td><td class=\"column-3\"><a href=\"https:\/\/tmanager.eu\/index.php\/katalog-produktow\/\">295 z\u0142<\/a><\/td>\n<\/tr>\n<tr class=\"row-6\">\n\t<td class=\"column-1\">Mapa kod\u00f3w adresowych Polski<\/td><td class=\"column-2\">podzia\u0142 Polski na obszary PNA<\/td><td class=\"column-3\"><a href=\"https:\/\/tmanager.eu\/index.php\/katalog-produktow\/\">2000 z\u0142<\/a><\/td>\n<\/tr>\n<\/tbody>\n<\/table>\n<!-- #tablepress-1 from cache --><\/div>\n\t\t\t\t\t\t<\/div>\n\t\t\t\t<\/div>\n\t\t\t\t<section class=\"elementor-section elementor-inner-section elementor-element elementor-element-c67adb6 elementor-section-boxed elementor-section-height-default elementor-section-height-default\" data-id=\"c67adb6\" data-element_type=\"section\" data-e-type=\"section\">\n\t\t\t\t\t\t<div class=\"elementor-container elementor-column-gap-default\">\n\t\t\t\t\t<div class=\"elementor-column elementor-col-100 elementor-inner-column elementor-element elementor-element-fa7cffa\" data-id=\"fa7cffa\" data-element_type=\"column\" data-e-type=\"column\">\n\t\t\t<div class=\"elementor-widget-wrap elementor-element-populated\">\n\t\t\t\t\t\t<div class=\"elementor-element elementor-element-8241277 elementor-widget elementor-widget-text-editor\" data-id=\"8241277\" data-element_type=\"widget\" data-e-type=\"widget\" data-widget_type=\"text-editor.default\">\n\t\t\t\t<div class=\"elementor-widget-container\">\n\t\t\t\t\t\t\t\t\t<h3 class=\"page-elements-title page-title-position blue-text\">MAPY INNE<\/h3><p class=\"simple-text-14\">Je\u017celi jeste\u015bcie Pa\u0144stwo zainteresowani zakupem dodatkowych map, kt\u00f3re aktualnie nie znajduj\u0105 si\u0119 w naszej ofercie: map wybranych kraj\u00f3w, rejon\u00f3w, map dedykowanych bran\u017com i<br \/>przedsi\u0119wzi\u0119ciom, prosimy o <a href=\"https:\/\/tmanager.eu\/index.php\/contact\/\">kontakt<\/a>.<\/p>\t\t\t\t\t\t\t\t<\/div>\n\t\t\t\t<\/div>\n\t\t\t\t\t<\/div>\n\t\t<\/div>\n\t\t\t\t\t<\/div>\n\t\t<\/section>\n\t\t\t\t\t<\/div>\n\t\t<\/div>\n\t\t\t\t\t<\/div>\n\t\t<\/section>\n\t\t\t\t<\/div>\n\t\t","protected":false},"excerpt":{"rendered":"<p>Zasoby kartograficzne Opis map Posiadamy bogat\u0105 bibliotek\u0119 map ca\u0142ego \u015bwiata, kt\u00f3re mog\u0105 by\u0107 w prosty spos\u00f3b wykorzystywane w programie Territory Manager. Programy TM 5.0:\u00a0\u00a0\u00a0\u00a0\u00a0\u00a0\u00a0\u00a0\u00a0\u00a0\u00a0\u00a0\u00a0\u00a0\u00a0\u00a0\u00a0\u00a0opis programu \u00a0 Program Territory Manager jest uniwersaln\u0105 aplikacj\u0105 wsp\u00f3\u0142pracuj\u0105c\u0105 z nieograniczon\u0105 ilo\u015bci\u0105 map. Je\u017celi opr\u00f3cz map, kt\u00f3re otrzymali\u015bcie Pa\u0144stwo wraz z zakupionym pakietem, potrzebujecie innych, przedstawiamy ofert\u0119 map, kt\u00f3re s\u0105 aktualnie <a class=\"read-more\" href=\"https:\/\/tmanager.eu\/index.php\/nasza-mapy\/\">READ MORE<\/a><\/p>\n","protected":false},"author":1,"featured_media":0,"parent":0,"menu_order":0,"comment_status":"closed","ping_status":"closed","template":"","meta":{"footnotes":""},"class_list":["post-131","page","type-page","status-publish","hentry"],"_links":{"self":[{"href":"https:\/\/tmanager.eu\/index.php\/wp-json\/wp\/v2\/pages\/131","targetHints":{"allow":["GET"]}}],"collection":[{"href":"https:\/\/tmanager.eu\/index.php\/wp-json\/wp\/v2\/pages"}],"about":[{"href":"https:\/\/tmanager.eu\/index.php\/wp-json\/wp\/v2\/types\/page"}],"author":[{"embeddable":true,"href":"https:\/\/tmanager.eu\/index.php\/wp-json\/wp\/v2\/users\/1"}],"replies":[{"embeddable":true,"href":"https:\/\/tmanager.eu\/index.php\/wp-json\/wp\/v2\/comments?post=131"}],"version-history":[{"count":23,"href":"https:\/\/tmanager.eu\/index.php\/wp-json\/wp\/v2\/pages\/131\/revisions"}],"predecessor-version":[{"id":637,"href":"https:\/\/tmanager.eu\/index.php\/wp-json\/wp\/v2\/pages\/131\/revisions\/637"}],"wp:attachment":[{"href":"https:\/\/tmanager.eu\/index.php\/wp-json\/wp\/v2\/media?parent=131"}],"curies":[{"name":"wp","href":"https:\/\/api.w.org\/{rel}","templated":true}]}}